{"id":61,"date":"2020-04-04T08:12:41","date_gmt":"2020-04-04T06:12:41","guid":{"rendered":"https:\/\/policeath.be\/5322\/?page_id=61"},"modified":"2020-09-11T11:20:05","modified_gmt":"2020-09-11T09:20:05","slug":"covid-19-acces-a-lhotel-de-police","status":"publish","type":"page","link":"https:\/\/policeath.be\/5322\/covid-19-acces-a-lhotel-de-police\/","title":{"rendered":"COVID-19 Acc\u00e8s \u00e0 l&rsquo;h\u00f4tel de police"},"content":{"rendered":"\t\t<div data-elementor-type=\"wp-page\" data-elementor-id=\"61\" class=\"elementor elementor-61\" data-elementor-post-type=\"page\">\n\t\t\t\t\t\t<section class=\"elementor-section elementor-top-section elementor-element elementor-element-ca28dd7 elementor-section-boxed elementor-section-height-default elementor-section-height-default\" data-id=\"ca28dd7\" data-element_type=\"section\">\n\t\t\t\t\t\t<div class=\"elementor-container elementor-column-gap-default\">\n\t\t\t\t\t<div class=\"elementor-column elementor-col-100 elementor-top-column elementor-element elementor-element-4e99d8d\" data-id=\"4e99d8d\" data-element_type=\"column\">\n\t\t\t<div class=\"elementor-widget-wrap elementor-element-populated\">\n\t\t\t\t\t\t<div class=\"elementor-element elementor-element-c31ce03 animated-slow elementor-alert-info elementor-invisible elementor-widget elementor-widget-alert\" data-id=\"c31ce03\" data-element_type=\"widget\" data-settings=\"{&quot;_animation&quot;:&quot;bounceInRight&quot;}\" data-widget_type=\"alert.default\">\n\t\t\t\t<div class=\"elementor-widget-container\">\n\t\t\t\t\t\t\t<div class=\"elementor-alert\" role=\"alert\">\n\n\t\t\t\t\t\t<span class=\"elementor-alert-title\">PROTEGEZ-VOUS et PROTEGEZ-NOUS en respectant au maximum les r\u00e8gles sanitaires et la distanciation sociale.<\/span>\n\t\t\t\n\t\t\t\t\t\t<span class=\"elementor-alert-description\">Actuellement, en raison des mesures prises pour lutter contre la pand\u00e9mie Covid 19, les conditions d\u2019acc\u00e8s \u00e0 nos installations sont soumises aux conditions suivantes:\n\n\u2013 Vous devez \u00eatre porteur d\u2019un masque (ou toute autre alternative en tissu) qui vous couvre la bouche et le nez.\n\n\u2013 Vous devez vous soumettre aux proc\u00e9dures (d\u00e9sinfection des mains, etc.) qui vous seront \u00e9dict\u00e9es par les membres de notre personnel.\n\n\u2013 Vous devez \u00eatre en parfaite sant\u00e9.\n\n\u2013 Nous vous demandons d\u2019\u00eatre porteur d\u2019un bic ou d\u2019un stylo personnel pour pouvoir signer les \u00e9ventuels documents qui devront l\u2019\u00eatre.<\/span>\n\t\t\t\n\t\t\t\t\t\t<button type=\"button\" class=\"elementor-alert-dismiss\" aria-label=\"Ignorer cette alerte.\">\n\t\t\t\t\t\t\t\t\t<span aria-hidden=\"true\">&times;<\/span>\n\t\t\t\t\t\t\t<\/button>\n\t\t\t\n\t\t<\/div>\n\t\t\t\t\t\t<\/div>\n\t\t\t\t<\/div>\n\t\t\t\t<div class=\"elementor-element elementor-element-6727ffc elementor-widget elementor-widget-text-editor\" data-id=\"6727ffc\" data-element_type=\"widget\" data-widget_type=\"text-editor.default\">\n\t\t\t\t<div class=\"elementor-widget-container\">\n\t\t\t\t\t\t\t\t\t<p style=\"text-align: center;\">\u00abLe bureau de police reste ouvert du lundi au vendredi de 08h00 \u00e0 12h00 et de 13h00 \u00e0 17h00. Les personnes d\u00e9sireuses de d\u00e9poser une plainte sont pri\u00e9es de prendre pr\u00e9alablement contact t\u00e9l\u00e9phoniquement avec le poste de police au num\u00e9ro 068\/266.266 ou via l&rsquo;application\u00a0<a href=\"https:\/\/agenda.appoint.be\/e\/dVd0MksrY250Yno5cTR6Q1ljT1ArSTVGNGE5THRqRkx4RlNyU2w0NVZQUURzenNITW8rUkZwRHg1R0tSeFJnUkw1SEZDYmlJOC9raGFnNk9wZ3JxV3g3amdKc0pMaUky\" target=\"_blank\" rel=\"noopener\">Prise de rendez-vous<\/a> <span style=\"color: var( --e-global-color-text ); font-family: var( --e-global-typography-text-font-family ); font-weight: var( --e-global-typography-text-font-weight );\">afin de permettre une meilleure coordination de leur prise en charge.<\/span><\/p><p style=\"text-align: center;\">Les personnes qui se pr\u00e9senteront spontan\u00e9ment seront re\u00e7ues selon les pr\u00e9cautions d\u2019usage en cette p\u00e9riode particuli\u00e8re.\u00a0<\/p>\t\t\t\t\t\t\t\t<\/div>\n\t\t\t\t<\/div>\n\t\t\t\t\t<\/div>\n\t\t<\/div>\n\t\t\t\t\t<\/div>\n\t\t<\/section>\n\t\t\t\t<section class=\"elementor-section elementor-top-section elementor-element elementor-element-5cb9c33 elementor-section-boxed elementor-section-height-default elementor-section-height-default\" data-id=\"5cb9c33\" data-element_type=\"section\">\n\t\t\t\t\t\t<div class=\"elementor-container elementor-column-gap-default\">\n\t\t\t\t\t<div class=\"elementor-column elementor-col-100 elementor-top-column elementor-element elementor-element-eeb11a7\" data-id=\"eeb11a7\" data-element_type=\"column\">\n\t\t\t<div class=\"elementor-widget-wrap elementor-element-populated\">\n\t\t\t\t\t\t<div class=\"elementor-element elementor-element-8a38207 elementor-widget elementor-widget-text-editor\" data-id=\"8a38207\" data-element_type=\"widget\" data-widget_type=\"text-editor.default\">\n\t\t\t\t<div class=\"elementor-widget-container\">\n\t\t\t\t\t\t\t\t\t<p style=\"text-align: center;\">Plus d&rsquo;informations:<\/p>\n<p style=\"text-align: center;\"><a href=\"https:\/\/www.info-coronavirus.be\/fr\/\">info-coronavirus.be<\/a><\/p>\n<p style=\"text-align: center;\"><a href=\"https:\/\/www.belgium.be\/fr\/actualites\/2020\/coronavirus_phase_2_maintenue_passage_en_phase_federale_et_mesures_additionnelles\">Coronavirus: phase 2<\/a><\/p>\n<p style=\"text-align: center;\">Informations g\u00e9n\u00e9rales:<\/p>\n<p style=\"text-align: center;\"><a href=\"https:\/\/www.health.belgium.be\/fr\/news\/nouveau-coronavirus-2019-ncov-wuhan-en-chine\">SPF Sant\u00e9 publique<\/a><\/p>\n<p style=\"text-align: center;\"><a href=\"http:\/\/www.who.int\/emergencies\/diseases\/novel-coronavirus-2019\">Organisation mondiale de la sant\u00e9 (OMS)<\/a><\/p>\n<p style=\"text-align: center;\"><a href=\"https:\/\/www.ecdc.europa.eu\/en\/novel-coronavirus-china\">European Centre for Disease Prevention and Control (ECDC)<\/a><\/p>\n<p style=\"text-align: center;\">Informations \u00e0 l&rsquo;intention des voyageurs\u00a0:<\/p>\n<p style=\"text-align: center;\"><a href=\"http:\/\/www.wanda.be\/fr\/landen\/chine\/\">Institut de m\u00e9decine tropicale<\/a><\/p>\n<p style=\"text-align: center;\">\u00a0<\/p>\n<p style=\"text-align: center;\"><a href=\"http:\/\/epidemio.wiv-isp.be\/ID\/Pages\/2019-nCoV.aspx\">Informations pour les professionnels de la sant\u00e9<\/a><\/p>\n<p style=\"text-align: center;\">\u00a0<\/p>\t\t\t\t\t\t\t\t<\/div>\n\t\t\t\t<\/div>\n\t\t\t\t\t<\/div>\n\t\t<\/div>\n\t\t\t\t\t<\/div>\n\t\t<\/section>\n\t\t\t\t<\/div>\n\t\t","protected":false},"excerpt":{"rendered":"<p>PROTEGEZ-VOUS et PROTEGEZ-NOUS en respectant au maximum les r\u00e8gles sanitaires et la distanciation sociale. Actuellement, en raison des mesures prises pour lutter contre la pand\u00e9mie Covid 19, les conditions d\u2019acc\u00e8s \u00e0 nos installations sont soumises aux conditions suivantes: \u2013 Vous devez \u00eatre porteur d\u2019un masque (ou toute autre alternative en tissu) qui vous couvre la&hellip;&nbsp;<a href=\"https:\/\/policeath.be\/5322\/covid-19-acces-a-lhotel-de-police\/\" rel=\"bookmark\">Lire la suite &raquo;<span class=\"screen-reader-text\">COVID-19 Acc\u00e8s \u00e0 l&rsquo;h\u00f4tel de police<\/span><\/a><\/p>\n","protected":false},"author":1,"featured_media":0,"parent":0,"menu_order":0,"comment_status":"closed","ping_status":"closed","template":"","meta":{"neve_meta_sidebar":"full-width","neve_meta_container":"","neve_meta_enable_content_width":"on","neve_meta_content_width":100,"neve_meta_title_alignment":"","neve_meta_author_avatar":"","neve_post_elements_order":"","neve_meta_disable_header":"","neve_meta_disable_footer":"","neve_meta_disable_title":"","_themeisle_gutenberg_block_has_review":false,"footnotes":""},"class_list":["post-61","page","type-page","status-publish","hentry"],"_links":{"self":[{"href":"https:\/\/policeath.be\/5322\/wp-json\/wp\/v2\/pages\/61","targetHints":{"allow":["GET"]}}],"collection":[{"href":"https:\/\/policeath.be\/5322\/wp-json\/wp\/v2\/pages"}],"about":[{"href":"https:\/\/policeath.be\/5322\/wp-json\/wp\/v2\/types\/page"}],"author":[{"embeddable":true,"href":"https:\/\/policeath.be\/5322\/wp-json\/wp\/v2\/users\/1"}],"replies":[{"embeddable":true,"href":"https:\/\/policeath.be\/5322\/wp-json\/wp\/v2\/comments?post=61"}],"version-history":[{"count":12,"href":"https:\/\/policeath.be\/5322\/wp-json\/wp\/v2\/pages\/61\/revisions"}],"predecessor-version":[{"id":287,"href":"https:\/\/policeath.be\/5322\/wp-json\/wp\/v2\/pages\/61\/revisions\/287"}],"wp:attachment":[{"href":"https:\/\/policeath.be\/5322\/wp-json\/wp\/v2\/media?parent=61"}],"curies":[{"name":"wp","href":"https:\/\/api.w.org\/{rel}","templated":true}]}}